Let f be t(13). Give j(f).
152
Let o(x) be the second derivative of 21*x**5/20 + x**4/6 - x**2 - 179*x + 5. What is o(1)?
21
Let r = 26 - 24. Let z be (2 - 1/r)/((-15)/(-70)). Let m(b) = 0*b - 3*b**3 + 2*b**3 + 0*b**3 + 8*b**2 + 2 - 7*b. Determine m(z).
2
Let h(j) = j**2 - j. Let t(c) = -c**3 + 2*c**2 + 8*c - 8. Let o(f) = -6*h(f) - t(f). Let p be (16/(-12))/(1/(-30)). Suppose 0 = -2*b + 7*b - p. Give o(b).
-8
Suppose -8*b + 7 = -9. Let j(c) = 2 - 7*c**2 + 0*c**b + 50*c**3 - 5 + c - 49*c**3. Give j(7).
4
Let v(s) = 2*s**2 + 25*s - 35. Let j be v(-14). Let m(i) = -16*i - 30. Let d(k) = 7*k + 15. Let w(o) = j*d(o) + 3*m(o). Determine w(-11).
4
Let b(c) = 19*c + 50. Suppose -18*j - 4866 = -4758. Calculate b(j).
-64
Let f(s) = 12*s + 2. Let x(q) = 10*q + 2. Let j(h) = -2*f(h) + 3*x(h). Determine j(-7).
-40
Suppose -146*d = -24*d + 85*d + 207. Let v(b) = -11*b**2 + 13*b + 14. Determine v(d).
-10
Suppose 3*j = 4*j - 3, -7*j + 27 = 3*l. Let r(d) be the second derivative of -d**5/20 + d**4/4 + d**3/2 - 3*d**2/2 + 2*d. Give r(l).
7
Let m(j) = -j**2 + j. Let r(i) = -4*i**2 + 9*i - 5. Let l(d) = -5*m(d) + r(d). Let a be ((148 - 137) + 6/(-4)*6)*-2. What is l(a)?
-5
Let q(a) = -a**2 - 12*a + 2. Let y be -7 - ((-4)/(-14) - 2806/(-322)). Give q(y).
-62
Suppose -114*s = 859 - 61. Let j(w) = w**2 - 10. Determine j(s).
39
Let v = 13 - 9. Suppose -2*l + l = -v. Let g(o) = 3 + 2795*o + 9*o**2 - 3 - 1400*o - 7*o**2 - 1396*o. Determine g(l).
28
Let j(w) = -9*w + 19. Let o be 438/60 + (-1)/(-2) - 108/135. What is j(o)?
-44
Let q(m) = m**3 + 17*m**2 - 17*m + 21. Let z = -22 - -103. Suppose 3*k + z = 27. Determine q(k).
3
Let g(f) = f**2 + 52*f + 119. Let z(d) = d**2 + 64*d + 115. Let i(r) = 3*g(r) - 2*z(r). Give i(-22).
-5
Let b(w) be the second derivative of w**5/20 + 5*w**4/6 + 11*w**3/6 + 15*w**2/2 + w + 3. Let l(u) = -u**3 + 40*u**2 + 41*u - 9. Let g be l(41). Give b(g).
-3
Let v = -16067/12 - -1339. Let y(l) be the second derivative of 0 + 0*l**2 + 3*l + 3/20*l**5 + 0*l**3 - v*l**4. Determine y(-1).
-4
Let z(i) = 3*i**3 - 23*i**2 - i + 28. Let o(a) = -a**3 + 8*a**2 - 10. Let t(x) = 11*o(x) + 4*z(x). Suppose -43*c = -36*c - 28. Calculate t(c).
-14
Let k(z) = -z**3 - 8*z**2 - 7*z - 3. Let l(v) = 4*v**3 + 39*v**2 + 28*v + 2. Let o be l(-9). Determine k(o).
-3
Let b(l) = -12*l**2 + 2*l + 1. Let q = -48 - -52. Let j be -4 - (q + -4) - 6/(-2). Let z be -3*(-1)/(-3) + 0/j. Calculate b(z).
-13
Let q(b) = -4*b**2 + 53*b - 21. Let u be q(13). Let y(p) = 9*p + 74. Let h be y(u). Let g(k) = -3*k**2 + 2*k - 3. What is g(h)?
-11
Let s(j) = 26*j + 27. Let i(r) = 9*r + 9. Let g(x) = -x**2 - 2*x + 30. Let n be g(4). Let c(u) = n*s(u) - 17*i(u). Calculate c(-7).
-12
Let j(t) be the third derivative of -t**5/15 - t**4/24 - t**3/6 + 393*t**2. Suppose -8 = -5*z + 3*z. Suppose -5*f - z = -f. Calculate j(f).
-4
Let a(v) = 3*v**2 + 22*v - 63. Let l(n) = -7*n**2 - 43*n + 145. Let f(q) = 5*a(q) + 2*l(q). Give f(-22).
-69
Let r be (-3)/(-2)*-2 + -1. Let c(y) = -7*y**3 - 4*y**2 + 3*y + 19. Let k(b) = 9*b**3 + 6*b**2 - 4*b - 23. Let l(o) = 5*c(o) + 4*k(o). Determine l(r).
7
Let g(o) = 17*o**3 - 37*o**3 + 5 - o**2 + 21*o**3 - 18*o - o**2 + 11*o. Let s = 8 - 4. Give g(s).
9
Let k(l) = -l**2 - 11*l - 12. Let q = -272 - -298. Suppose -64 = -18*j + q*j. Determine k(j).
12
Let r(b) = b**3 - 6*b**2 + b - 2. Let g = -252 - -366. Suppose -2*w - 24 = -g. Let f be (42/w)/7 + (-88)/(-15). Calculate r(f).
4
Let y be 260/8*(-2)/20*(-116)/29. Let t(d) = -d**2 + 13*d - 4. Calculate t(y).
-4
Let u(s) = -s**2 - 8*s - 2. Suppose 0 = -46*y + 48*y - 3*t - 13, 3*y - 2*t - 17 = 0. Determine u(y).
-67
Let r(h) = -121*h**2 + 24*h + 47. Let d(l) = 10*l**2 - l - 3. Let s(t) = -14*d(t) - r(t). Give s(-2).
-61
Let r(o) = 3*o**2 - 3*o - 4. Let t be (8/7*-1)/(11/(-77)). Suppose 4*u = 0, 0 = 2*g - 14*u + 15*u - t. Calculate r(g).
32
Let i(o) = -o**3 - 43*o**2 + 2*o + 78. Let y be (-6 + 4)*4*(4 - 33/(-24)). What is i(y)?
-8
Let i(m) = -m + 7. Let t be (-5 - -2)*1/(-6)*10. Suppose 4*h - 12 = -t*l + 4*l, 6 = 2*h + 3*l. Give i(h).
4
Let n = 30 + -29. Let x(w) = 1. Let l(j) = 3*j + 1. Let o(q) = 1. Let d(p) = l(p) - 2*o(p). Let r(a) = n*d(a) + 2*x(a). Give r(5).
16
Let d(o) = 119*o - 59. Let l(n) = -292*n + 119. Let f(v) = -5*d(v) - 2*l(v). Give f(7).
-20
Let b(d) = 2*d**2 - 4*d - 6. Let f(q) be the second derivative of 1/12*q**4 + 0 + 1/6*q**3 + 11*q + 1/2*q**2. Let i(r) = b(r) - 3*f(r). Calculate i(-6).
-3
Let o(s) = -s**2 + 15 + 16 - 12*s - 23. Suppose -5*q + 2*q = 39. What is o(q)?
-5
Let d(r) = 30*r**3 + 10*r**2 + r - 10. Let h(a) = 3*a**3 + 2*a**2 - 2. Let i(u) = -d(u) + 5*h(u). Let q(b) = b**2 - 6*b - 6. Let p be q(7). Calculate i(p).
-16
Let l be (1022/(-8) - 2) + 96/128. Let t be (l/(-12) - 2) + 15/60. Let j(b) = -b**3 + 10*b**2 - 11*b + 12. Give j(t).
-6
Let h(d) = d**3 + 15*d**2 - 40*d - 14. Let i be h(-17). Let l = i - 90. Let o(g) be the second derivative of -g**4/6 + g**3/6 + g**2/2 - 36*g. What is o(l)?
-9
Let l(f) be the first derivative of f**4/4 - f**3 + 4*f - 2. Suppose 3*a = -0*a - 258. Let m = a - -89. Calculate l(m).
4
Let j(c) = -41*c + 13 - 38*c - 45*c + 140*c. What is j(-2)?
-19
Let r(q) be the second derivative of q**5/120 - q**4/24 + 31*q**3/3 + 83*q. Let m(i) be the second derivative of r(i). What is m(-7)?
-8
Let u(g) = -g + 23. Let y be u(23). Let s(w) be the third derivative of -w**5/60 - w**3/6 + 3*w**2 - 10. Determine s(y).
-1
Let z(g) = g**3 - 4*g**2 + 4. Let i be (16 - 0/(-3))/((-18)/(-9)). Let x be (-5)/20*-1 + 30/i. Let r be z(x). Let o(j) = -j**2 + 4*j. Determine o(r).
0
Let r(u) be the third derivative of -u**6/120 + u**5/15 + u**4/6 - u**3 + 4*u**2 + 113*u. Suppose -4*f - 16 = -4*d, -4*d + 0*f + 16 = 5*f. What is r(d)?
10
Let b(v) = -v**3 + 7*v**2 - 14*v + 32. Let n(t) = -5*t**2 - 34*t - 19. Let o be n(-6). Give b(o).
12
Let t(n) = 8*n**2 - 69*n - 20. Let l(v) = 21*v - 1545. Let o be l(74). Calculate t(o).
7
Let z be (-54)/(-8) + 1/4. Let i be (3 - 1)*7 + 4. Let r(a) = 1 - 50*a + 21*a + i*a + 12*a. Give r(z).
8
Let i = -1861 + 1854. Let u(r) = 17*r + 110. Determine u(i).
-9
Suppose -188*t = -127*t. Let q(r) be the first derivative of r**4 + 11 - 1/3*r**3 + t*r + 0*r**2. Give q(-1).
-5
Let m(g) = -g**2 + 11*g - 16. Let k be 10534/(-16) + 1/(-16)*-6. Let x = k + 667. Give m(x).
2
Let o(r) = 4*r**2 - 29*r + 2. Let m(z) = -5*z**2 + 35*z - 3. Let d(s) = 3*m(s) + 4*o(s). Determine d(9).
-19
Let v(a) = 2*a + 9. Suppose -68 - 277 = -15*d. Suppose 3*u - 11 = 5*n, 2*u + 3*n + 3 - d = 0. Determine v(u).
23
Let o(h) = 1 + 304*h - 8 - 283*h - 76 + 1. What is o(4)?
2
Let m(q) = -q**3 - 11*q**2 - 10*q + 2. Let t = 5478 - 5478. Let o(w) be the third derivative of w**6/120 - 5*w**3/3 + 2*w**2. Let y be o(t). Give m(y).
2
Let d(l) = -2*l - 6. Let m(z) = 44*z + 7. Let t be m(1). Suppose 0 = -8*y + 19 - t. Determine d(y).
2
Let k(x) = x**3 - x**2 - x + 3. Let o be (2/10 + (-26)/(-65))*10. Suppose -o*b - 26 = 58. Let v(h) = -2*h - 25. Let u be v(b). Calculate k(u).
18
Suppose -2*p - 2*y = 4 - 20, -2*y + 23 = 3*p. Let i(r) be the first derivative of r**4/4 - 8*r**3/3 + 5*r**2/2 - 4*r - 104. Give i(p).
-18
Let k(f) = f**3 - 9*f**2 - 11*f + 15. Let g = -252 - -212. Let a be 4/24*-21*g/14. What is k(a)?
5
Let j(i) be the second derivative of 7/6*i**3 - 1/20*i**5 + i**2 - 125*i + 0 + 5/12*i**4. Determine j(6).
8
Let x(c) = -c**3 + 30*c**2 - 14*c - 433. Let j be x(29). Let n = -7 + 17. Let g(f) = -n*f**2 - 3 + 5*f + 9*f**2 - 2*f. Determine g(j).
-1
Let v(w) = -5*w**2 + 34*w + 11. Let d(q) = 3*q**2 - 22*q - 7. Let y(x) = -8*d(x) - 5*v(x). Let t be y(-4). Let u(z) = 5*z. Give u(t).
-35
Let i(t) = -t**2 + 7*t - 5. Let r = -357 - -275. Let n = r + 87. What is i(n)?
5
Let f be 12/(-54) - 10*((-206)/36 + 5). Let q(x) = x**3 - 8*x**2 + 4*x + 39. What is q(f)?
18
Let l = -1 + 6. Let y(s) = 8*s - 104. Let w be y(16). Let g(c) = 3*c + 23 - 2*c - 45 + w + c**2 + 0*c**2. Calculate g(l).
32
Let j(x) be the first derivative of -3*x**2 + 89*x - 3779. Determine j(12).
17
Suppose 0 = 35*j + 3 + 102. Let g(a) = 23*a - 1. Determine g(j).
-70
Let f(i) = -i**2 + 7*i + 2. Suppose -4*s + 5 = -0*u - 3*u, u = -5*s + 11. Let c be s/(-8) - (2 - (-11)/4). Let v be 9 - (4/(-10))/(c/25). Give f(v).
2
Let d(o) be the third derivative of o